 = -11 - -27. What is the remainder when g is divided by i?
13
Suppose 4*n + a = -n + 15, 0 = n + 3*a - 3. Suppose -z = -4*z + 36. Calculate the remainder when ((-4)/z)/(2/(-24)) is divided by n.
1
Let w = -60 - -89. Calculate the remainder when w is divided by 16.
13
Suppose -3*w - 4*m = -235, -w - 5*m = 2*w - 236. Calculate the remainder when w is divided by 20.
17
Suppose -3*d + 10 = -v + 3*v, -5*v = 4*d - 25. Let j(p) = -p**2 + 21. Let o = -6 + 14. Calculate the remainder when j(d) is divided by o.
5
What is the remainder when 58 is divided by 183/9 - 10/(-15)?
16
Suppose 0 = -2*q - 2*q + 64. Let g = q + -11. Suppose 7 = y - 7. Calculate the remainder when y is divided by g.
4
Let s = -84 + 145. What is the remainder when s is divided by 21?
19
Let t be (-20)/(-6)*(-12)/10. Let l = 7 + t. What is the remainder when (-64)/(-12)*3/2 is divided by l?
2
Let s(l) = -l**2 - 9*l - 3. What is the remainder when s(-5) is divided by 10?
7
Calculate the remainder when -2*(0 + -13)/(-1 - -2) is divided by 3.
2
Let c = -32 + 52. Suppose 4*j - 412 = -4. Suppose 5*f = -2*z - z + 204, 3*f - 5*z = j. What is the remainder when f is divided by c?
19
Suppose 3*v - 8*v + 90 = 0. Calculate the remainder when v is divided by (2/(-6))/((-1)/21).
4
Suppose -2*r - 56 = -4*r. What is the remainder when r is divided by 10?
8
Let s be 1/1 - (-5 - -4). Suppose -s*f = f - 18. What is the remainder when 23 is divided by f?
5
Calculate the remainder when 2 + (-24)/(-1) + (-36)/12 is divided by 16.
7
Let y(l) = l**3 + 4. Let p = 8 - 8. What is the remainder when y(p) is divided by 2?
0
Let s be (-12)/16 - 22/(-8). Suppose -4*f = -8, -4*v + 2*v = 3*f + 156. What is the remainder when (6/(-9))/(s/v) is divided by 7?
6
Let m = -7 - -11. Suppose -j + 4*i - 274 = -6*j, m*i + 16 = 0. What is the remainder when j is divided by 20?
18
Let u(o) = 2*o**2 + 10*o - 6. Calculate the remainder when u(-8) is divided by 11.
9
Let u(p) = 2*p**2 - 3*p + 3. What is the remainder when 19 is divided by u(2)?
4
Suppose 0 = 4*y - 5*j + 16, -j = y - 2*y - 3. What is the remainder when 41 is divided by 13 + -13 - (y + -12)?
8
Suppose 28 = 2*b + 2*o, b = 2*o + 2 - 0. Let a = -5 + b. Suppose j - i = 8 + a, -5*j + 59 = i. Calculate the remainder when 23 is divided by j.
11
Let b be (-2)/3 + 84/(-9). What is the remainder when 28 + (-4)/2 + -1 is divided by (-132)/b - 4/20?
12
Let v(l) = -l - 4. Let u = -85 - -88. What is the remainder when u is divided by v(-6)?
1
Let t be -1*(-4 - -2)*2. Calculate the remainder when (-2)/4 + 70/t is divided by 4.
1
Let k(s) = 25*s**2 + 2*s - 3. What is the remainder when 117 is divided by k(1)?
21
Let o(a) = a**2 - 5*a + 9. Let d(w) = w. Let h(n) = -n + 14. Let b be h(8). Let v be d(b). What is the remainder when 44 is divided by o(v)?
14
Suppose 9*h - 14*h - 265 = 0. Let w = 92 + h. What is the remainder when w is divided by 10?
9
What is the remainder when 44 - ((-16)/4)/2 is divided by 16?
14
Let b = 10 - 3. Suppose -5*m + 5 = 0, 15 + 17 = 3*t + 2*m. Calculate the remainder when t is divided by b.
3
Suppose -6*q = -2*q. Suppose q = -4*i + 16. What is the remainder when i is divided by 3?
1
What is the remainder when 7 is divided by (-18)/15*(-30)/9?
3
Suppose 7 = -5*q + 37. What is the remainder when 27 is divided by q?
3
Let h(m) = -8*m + 2. What is the remainder when 35 is divided by h(-2)?
17
Suppose -o + 4*x = -54, -2*x - 59 = -o + 3*x. What is the remainder when o is divided by 12?
10
Let c = -249 + 367. Calculate the remainder when c is divided by 20.
18
Calculate the remainder when 6/(-24) - 1058/(-8) is divided by 27.
24
Let t be 14 - (0 + 0 + 2). Suppose 5*v + 0*n = -3*n + 28, 0 = -3*n - t. Suppose 0 = -2*w + 24 - v. What is the remainder when 14 is divided by w?
6
Let s = 67 + -50. What is the remainder when s is divided by 4?
1
Let s = 21 + -13. Suppose 0 = n - 4*u - 6, 5*u - 2*u = 6. What is the remainder when n is divided by s?
6
Suppose 4*g - 122 + 42 = 0. Let h be ((-185)/g)/(2/(-16)). Suppose -h = -5*k - 3*b, -k + 2*b = 2*k - 33. What is the remainder when 51 is divided by k?
12
Let u(m) = 2*m**3 + 3*m**2 + 3*m + 1. Let s be u(-2). Let a = 1 - s. What is the remainder when 40 is divided by (-2)/(-10) + 208/a?
19
Let c be 2/(-6) - (-260)/15. Suppose -4*u + 3*u + c = 0. What is the remainder when 33 is divided by u?
16
Let u(s) = -s**3 + 6*s**2 + 7*s - 3. Let a(n) = -n**2. Let z(l) = a(l) + u(l). Let f be z(6). Let r = 30 + f. What is the remainder when r is divided by 12?
9
Let g = 15 - -1. What is the remainder when 27 is divided by g?
11
What is the remainder when (-33)/2*(-20 - -14) is divided by 6?
3
Let w = 5 - 6. Let g be 0*(w*2)/4. Suppose -2*h - 3*z = 2*h - 136, g = 3*h - 5*z - 73. Calculate the remainder when h is divided by 16.
15
Let h = -11 - -24. Let u(k) = k**3 + 5*k**2 + k - 5. Let m = 5 - 9. Calculate the remainder when h is divided by u(m).
6
Let a be 1 - -1 - 6/(-2). Suppose -11 = 2*j - 5*r + 7, 4 = r. Suppose -a = -x + j. What is the remainder when 17 is divided by x?
5
Let n = 9 - 4. Suppose -38 - 40 = -2*y. Suppose -y = -3*l - 0*l. Calculate the remainder when l is divided by n.
3
Let x(g) = 2*g**2 - 3*g - 3. Calculate the remainder when 65 is divided by x(4).
14
Suppose t - 84 = -3*t. Let q = -1 + t. What is the remainder when q is divided by (-2 - -1)/(1/(-7))?
6
Suppose 2*g - 170 = -3*g. Suppose 6*k = k + 10. What is the remainder when g is divided by 0 + k + -1 - -17?
16
Suppose -250 = -5*j + 10*j. Let f = -11 - j. Calculate the remainder when f is divided by 10.
9
Let l be 22/8*-2*-2. Suppose 2*q + g - l - 5 = 0, -4*q + 3*g = -22. What is the remainder when 26 is divided by q?
5
Let f = -133 - -194. What is the remainder when f is divided by 7?
5
Let v(x) be the first derivative of 2*x - 1/2*x**2 + 1. Calculate the remainder when 6 is divided by v(-2).
2
Suppose 7*s = -25*s + 256. What is the remainder when s is divided by (4/5 + 0)*5?
0
Calculate the remainder when 169 is divided by (-780)/(-20) - -2*2.
40
Suppose 2*f = 20 - 6. Suppose -2*v - 190 = -f*v. Calculate the remainder when v is divided by 13.
12
Suppose 0 = v - 2*v + 25. Let h = -3 + v. Suppose 13 = t + 5. What is the remainder when h is divided by t?
6
Suppose -4*f = -9*f + 5. Let v be (-1 - 0)*(f + -3). Suppose 2*i = -v*i + 168. What is the remainder when i is divided by 11?
9
Let k be (2 - 2) + -10 + -2. What is the remainder when (20/k - -2)*69 is divided by 8?
7
Let c = -65 + 42. Calculate the remainder when 6/(-2) - -1 - c is divided by 11.
10
Let v = -30 - -19. Let y = -5 - v. Suppose -l + 0 = -y. Calculate the remainder when 11 is divided by l.
5
Let s = 280 - 55. Suppose 2*c + 3*c + s = 0. What is the remainder when (-1340)/c + (-4)/(-18) is divided by 16?
14
Let r = 15 - 0. Calculate the remainder when r is divided by 4.
3
Suppose -j + 2*k = -11, k + 4*k = -5*j + 25. Calculate the remainder when 34 is divided by j.
6
Suppose -2*l - 16 = -2*f, 22 = 2*f - 0*l - 5*l. What is the remainder when f is divided by 4?
2
Let z(u) = 2*u**3 + 26*u**2 - 3*u - 23. What is the remainder when 19 is divided by z(-13)?
3
Suppose -f + 22 = y, -f - 2 + 1 = 0. What is the remainder when y is divided by 5?
3
Let o(i) = i**2 + 2*i - 8. Let g be o(-6). Let k = g + 3. Suppose -r - 3*a + 29 = 0, -3*r - 4*a + k + 78 = 0. What is the remainder when r is divided by 12?
11
Let f(s) = -s + 10. Let i be f(8). Suppose -b = -5*a + 113, 3*a + b + i = 65. What is the remainder when a is divided by 8?
6
Suppose 2*z - 41 = -4*o - 3, -2*o - 3*z = -29. Suppose -3*c - o = -25. Suppose 3*s + 48 = c*s. What is the remainder when s is divided by 6?
4
Let r(g) = 20*g**2 + 2*g + 1. Suppose 3*o - 3*n + 4*n = -7, 5*o + 25 = -5*n. What is the remainder when 36 is divided by r(o)?
17
Suppose 9*u = 11*u - 16. Suppose 2*p - 3*r = 19 + 2, 4*p + 4*r = -8. Calculate the remainder when u is divided by p.
2
Suppose 0 = 4*n - 4*t - 52, -2*n + 18 = -5*t - 2. Let k = -19 - -22. Suppose -k*z = -22 - 5. Calculate the remainder when n is divided by z.
6
Let t = -23 - -32. Calculate the remainder when 24 is divided by t.
6
Let z(x) = 12*x - 27. What is the remainder when 36 is divided by z(4)?
15
Suppose -c - 4*c = -45. Let n = 3 + c. Calculate the remainder when 35 is divided by n.
11
Let g(c) = c + 5. Let o